{"id":307,"date":"2016-01-20T00:08:09","date_gmt":"2016-01-19T23:08:09","guid":{"rendered":"http:\/\/testpress.hkknos.org\/?page_id=307"},"modified":"2017-05-06T00:15:37","modified_gmt":"2017-05-05T22:15:37","slug":"1942-2","status":"publish","type":"page","link":"https:\/\/hkknos.eu\/pl\/kreis-neustadtos\/1942-2\/","title":{"rendered":"1942"},"content":{"rendered":"<p>POWIAT PRUDNICKI Z PERSPEKTYWY ROKU 1942<\/p>\n<p>\u0179r\u00f3d\u0142o: http:\/\/www.literad.de\/regional\/neustadt_os.html<\/p>\n<p>&nbsp;<\/p>\n<p><span style=\"text-decoration: underline;\">Przynale\u017cno\u015b\u0107 pa\u0144stwowa<\/span>: Prusy, Prowincja \u015al\u0105ska, Rejencja Opolska<\/p>\n<p>&nbsp;<\/p>\n<p><span style=\"text-decoration: underline;\">Przynale\u017cno\u015b\u0107 s\u0105downicza (1894 r.):<\/span><\/p>\n<ul>\n<li>1) S\u0105d rejonowy w Prudniku, S\u0105d okr\u0119gowy w Nysie, Wy\u017cszy S\u0105d Krajowy we Wroc\u0142awiu<\/li>\n<li>2) S\u0105d rejonowy w G\u0142og\u00f3wku, S\u0105d okr\u0119gowy w Nysie, Wy\u017cszy S\u0105d Krajowy we Wroc\u0142awiu<\/li>\n<\/ul>\n<p>&nbsp;<\/p>\n<p><span style=\"text-decoration: underline;\">Przynale\u017cno\u015b\u0107 s\u0105downicza (1942 r.):<\/span><\/p>\n<ul>\n<li>1) S\u0105d rejonowy w Prudniku, S\u0105d okr\u0119gowy w Nysie, Wy\u017cszy S\u0105d Krajowy w Katowicach<\/li>\n<li>2) S\u0105d rejonowy w G\u0142og\u00f3wku, S\u0105d okr\u0119gowy w Nysie, Wy\u017cszy S\u0105d Krajowy w Katowicach<\/li>\n<\/ul>\n<p>&nbsp;<\/p>\n<p><span style=\"text-decoration: underline;\">Przynale\u017cno\u015b\u0107 s\u0105downicza jednostki administracyjnej NSDAP w latach 1933-1945:<\/span> \u015al\u0105sk, 1941-1945 G\u00f3rny \u015al\u0105sk<\/p>\n<p>&nbsp;<\/p>\n<p>Przynale\u017cno\u015b\u0107 ko\u015bcio\u0142a ewangelickiego: Ewangelicki Ko\u015bci\u00f3\u0142 Unii Staropruskiej, Prowincja ko\u015bcielna \u015al\u0105sk<\/p>\n<p>&nbsp;<\/p>\n<p>Przynale\u017cno\u015b\u0107 ko\u015bcio\u0142a katolickiego: Biskupstwo we Wroc\u0142awiu<\/p>\n<p>Mieszka\u0144cy powiatu prudnickiego: 93.795 (1919 r.), 95.370 (1925 r.), 96.505 (1939 r.)<\/p>\n<p>&nbsp;<\/p>\n<p>Struktura wyznaniowa powiatu prudnickiego w 1939 r.: ewangelicy: 6,8%; katolicy: 92,7%; Wierz\u0105cy w Boga (Niemiecki Ruch Wiary): 0,4 %; niewierz\u0105cy: 0,0 %; pozosta\u0142e: 0,1 %.<\/p>\n<p>&nbsp;<\/p>\n<p>W plebiscycie z 21.03.1921 r. na pytanie dotycz\u0105ce przynale\u017cno\u015bci G\u00f3rnego \u015al\u0105ska do Niemiec lub te\u017c przy\u0142\u0105czenia do Polski, w powiecie prudnickim jedynie mieszka\u0144cy wschodnich jego teren\u00f3w byli uprawnieni do wzi\u0119cia udzia\u0142u w plebiscycie (do linii Pog\u00f3rze, Brze\u017anica, Ligota Bialska, Solec, Olbrachcice, S\u0142ok\u00f3w i Olszynka).<\/p>\n<p>Wynik: z 37.609 os\u00f3b uprawnionych do g\u0142osowania, 33.159 (88,2%) opowiedzia\u0142o si\u0119 za przynale\u017cno\u015bci\u0105 G\u00f3rnego \u015al\u0105ska do Niemiec, a 4.450 os\u00f3b (11,8%) za przy\u0142\u0105czeniem do Polski.<\/p>\n<p>W plebiscycie z 3.09.1922 r. na pytanie: czy G\u00f3rny \u015al\u0105sk ma sta\u0107 si\u0119 odr\u0119bnym krajem zwi\u0105zkowym w strukturach administracyjnych Niemiec czy pozosta\u0107 prowincj\u0105 kraju zwi\u0105zkowego Prusy, w powiecie prudnickim przy frekwencji 88,3%, 45.091 g\u0142osuj\u0105cych (97,5%) opowiedzia\u0142o si\u0119 przeciwko odr\u0119bnemu krajowi zwi\u0105zkowemu G\u00f3rny \u015al\u0105sk, a 1.146 (2,5%) opowiedzia\u0142o si\u0119 za utworzeniem osobnego kraju zwi\u0105zkowego.<\/p>\n<p>Podczas wybor\u00f3w do Reichstagu w dniu 5.03.1933 r. mieszka\u0144cy powiatu prudnickiego przy frekwencji 84,1% opowiedzieli si\u0119 za 5 partiami: 40,40% za NSDAP; 40,25% za niemieck\u0105 parti\u0105 Centrum; 7,44% za KPD; 6,77% za DNVP; a 4,99% za SPD. 6 kolejnych partii nie odegra\u0142o \u017cadnej znacz\u0105cej roli.<\/p>","protected":false},"excerpt":{"rendered":"<p>POWIAT PRUDNICKI Z PERSPEKTYWY ROKU 1942 \u0179r\u00f3d\u0142o: http:\/\/www.literad.de\/regional\/neustadt_os.html &nbsp; Przynale\u017cno\u015b\u0107 pa\u0144stwowa: Prusy, Prowincja \u015al\u0105ska, Rejencja Opolska &nbsp; Przynale\u017cno\u015b\u0107 s\u0105downicza (1894 r.): 1) S\u0105d rejonowy w Prudniku, S\u0105d okr\u0119gowy w Nysie, Wy\u017cszy S\u0105d Krajowy we Wroc\u0142awiu 2) S\u0105d rejonowy w G\u0142og\u00f3wku, S\u0105d okr\u0119gowy w Nysie, Wy\u017cszy S\u0105d Krajowy we Wroc\u0142awiu &nbsp; Przynale\u017cno\u015b\u0107 s\u0105downicza (1942 r.): 1) &hellip; <a href=\"https:\/\/hkknos.eu\/pl\/kreis-neustadtos\/1942-2\/\" class=\"more-link\">Czytaj dalej <span class=\"screen-reader-text\">1942<\/span><\/a><\/p>\n","protected":false},"author":2,"featured_media":0,"parent":51,"menu_order":3,"comment_status":"closed","ping_status":"closed","template":"","meta":{"footnotes":""},"class_list":["post-307","page","type-page","status-publish","hentry"],"_links":{"self":[{"href":"https:\/\/hkknos.eu\/pl\/wp-json\/wp\/v2\/pages\/307","targetHints":{"allow":["GET"]}}],"collection":[{"href":"https:\/\/hkknos.eu\/pl\/wp-json\/wp\/v2\/pages"}],"about":[{"href":"https:\/\/hkknos.eu\/pl\/wp-json\/wp\/v2\/types\/page"}],"author":[{"embeddable":true,"href":"https:\/\/hkknos.eu\/pl\/wp-json\/wp\/v2\/users\/2"}],"replies":[{"embeddable":true,"href":"https:\/\/hkknos.eu\/pl\/wp-json\/wp\/v2\/comments?post=307"}],"version-history":[{"count":7,"href":"https:\/\/hkknos.eu\/pl\/wp-json\/wp\/v2\/pages\/307\/revisions"}],"predecessor-version":[{"id":501,"href":"https:\/\/hkknos.eu\/pl\/wp-json\/wp\/v2\/pages\/307\/revisions\/501"}],"up":[{"embeddable":true,"href":"https:\/\/hkknos.eu\/pl\/wp-json\/wp\/v2\/pages\/51"}],"wp:attachment":[{"href":"https:\/\/hkknos.eu\/pl\/wp-json\/wp\/v2\/media?parent=307"}],"curies":[{"name":"wp","href":"https:\/\/api.w.org\/{rel}","templated":true}]}}

<p>POWIAT PRUDNICKI Z PERSPEKTYWY ROKU 1942</p>
<p>Źródło: http://www.literad.de/regional/neustadt_os.html</p>
<p>&nbsp;</p>
<p><span style="text-decoration: underline;">Przynależność państwowa</span>: Prusy, Prowincja Śląska, Rejencja Opolska</p>
<p>&nbsp;</p>
<p><span style="text-decoration: underline;">Przynależność sądownicza (1894 r.):</span></p>
<ul>
<li>1) Sąd rejonowy w Prudniku, Sąd okręgowy w Nysie, Wyższy Sąd Krajowy we Wrocławiu</li>
<li>2) Sąd rejonowy w Głogówku, Sąd okręgowy w Nysie, Wyższy Sąd Krajowy we Wrocławiu</li>
</ul>
<p>&nbsp;</p>
<p><span style="text-decoration: underline;">Przynależność sądownicza (1942 r.):</span></p>
<ul>
<li>1) Sąd rejonowy w Prudniku, Sąd okręgowy w Nysie, Wyższy Sąd Krajowy w Katowicach</li>
<li>2) Sąd rejonowy w Głogówku, Sąd okręgowy w Nysie, Wyższy Sąd Krajowy w Katowicach</li>
</ul>
<p>&nbsp;</p>
<p><span style="text-decoration: underline;">Przynależność sądownicza jednostki administracyjnej NSDAP w latach 1933-1945:</span> Śląsk, 1941-1945 Górny Śląsk</p>
<p>&nbsp;</p>
<p>Przynależność kościoła ewangelickiego: Ewangelicki Kościół Unii Staropruskiej, Prowincja kościelna Śląsk</p>
<p>&nbsp;</p>
<p>Przynależność kościoła katolickiego: Biskupstwo we Wrocławiu</p>
<p>Mieszkańcy powiatu prudnickiego: 93.795 (1919 r.), 95.370 (1925 r.), 96.505 (1939 r.)</p>
<p>&nbsp;</p>
<p>Struktura wyznaniowa powiatu prudnickiego w 1939 r.: ewangelicy: 6,8%; katolicy: 92,7%; Wierzący w Boga (Niemiecki Ruch Wiary): 0,4 %; niewierzący: 0,0 %; pozostałe: 0,1 %.</p>
<p>&nbsp;</p>
<p>W plebiscycie z 21.03.1921 r. na pytanie dotyczące przynależności Górnego Śląska do Niemiec lub też przyłączenia do Polski, w powiecie prudnickim jedynie mieszkańcy wschodnich jego terenów byli uprawnieni do wzięcia udziału w plebiscycie (do linii Pogórze, Brzeźnica, Ligota Bialska, Solec, Olbrachcice, Słoków i Olszynka).</p>
<p>Wynik: z 37.609 osób uprawnionych do głosowania, 33.159 (88,2%) opowiedziało się za przynależnością Górnego Śląska do Niemiec, a 4.450 osób (11,8%) za przyłączeniem do Polski.</p>
<p>W plebiscycie z 3.09.1922 r. na pytanie: czy Górny Śląsk ma stać się odrębnym krajem związkowym w strukturach administracyjnych Niemiec czy pozostać prowincją kraju związkowego Prusy, w powiecie prudnickim przy frekwencji 88,3%, 45.091 głosujących (97,5%) opowiedziało się przeciwko odrębnemu krajowi związkowemu Górny Śląsk, a 1.146 (2,5%) opowiedziało się za utworzeniem osobnego kraju związkowego.</p>
<p>Podczas wyborów do Reichstagu w dniu 5.03.1933 r. mieszkańcy powiatu prudnickiego przy frekwencji 84,1% opowiedzieli się za 5 partiami: 40,40% za NSDAP; 40,25% za niemiecką partią Centrum; 7,44% za KPD; 6,77% za DNVP; a 4,99% za SPD. 6 kolejnych partii nie odegrało żadnej znaczącej roli.</p>

<p>POWIAT PRUDNICKI Z PERSPEKTYWY ROKU 1942 Źródło: http://www.literad.de/regional/neustadt_os.html &nbsp; Przynależność państwowa: Prusy, Prowincja Śląska, Rejencja Opolska &nbsp; Przynależność sądownicza (1894 r.): 1) Sąd rejonowy w Prudniku, Sąd okręgowy w Nysie, Wyższy Sąd Krajowy we Wrocławiu 2) Sąd rejonowy w Głogówku, Sąd okręgowy w Nysie, Wyższy Sąd Krajowy we Wrocławiu &nbsp; Przynależność sądownicza (1942 r.): 1) &hellip; <a href="https://hkknos.eu/pl/kreis-neustadtos/1942-2/" class="more-link">Czytaj dalej <span class="screen-reader-text">1942</span></a></p>
